{"id":72,"date":"2016-01-08T11:43:04","date_gmt":"2016-01-08T11:43:04","guid":{"rendered":"http:\/\/palmybulles.fr\/?page_id=72"},"modified":"2026-04-12T22:22:11","modified_gmt":"2026-04-12T20:22:11","slug":"fosses","status":"publish","type":"page","link":"https:\/\/palmybulles.fr\/index.php\/fosses\/","title":{"rendered":"Les sorties fosses"},"content":{"rendered":"\n<p>Chaque ann\u00e9e Palmybulles organise des plong\u00e9es techniques en fosse. C&rsquo;est l&rsquo;opportunit\u00e9 de descendre \u00e0 de plus grandes profondeurs, dans un milieu ferm\u00e9 et s\u00e9curisant, pour travailler en particulier les techniques de compensation de la pression, la stabilisation avec le gilet ou l&rsquo;apprentissage des remont\u00e9es assist\u00e9es.<\/p>\n\n\n\n<hr class=\"wp-block-separator has-alpha-channel-opacity\"\/>\n\n\n\n<div class=\"wp-block-columns is-layout-flex wp-container-core-columns-is-layout-28f84493 wp-block-columns-is-layout-flex\">\n<div class=\"wp-block-column is-layout-flow wp-block-column-is-layout-flow\">\n<figure class=\"wp-block-image alignleft size-full is-resized\"><img loading=\"lazy\" decoding=\"async\" width=\"300\" height=\"200\" src=\"https:\/\/palmybulles.fr\/wp-content\/uploads\/2016\/01\/bassin-claix-300x200.jpg\" alt=\"\" class=\"wp-image-39\" style=\"aspect-ratio:1.5;width:464px;height:auto\"\/><\/figure>\n<\/div>\n\n\n\n<div class=\"wp-block-column is-layout-flow wp-block-column-is-layout-flow\">\n<h2 class=\"wp-block-heading has-x-large-font-size\">Sortie fosse \u00e0 Claix<\/h2>\n\n\n\n<p>Pong\u00e9e technique dans une fosse de&nbsp;6 m bien adapt\u00e9e aux plongeurs Bronze \/ Argent \/ Or.<br>Dur\u00e9e des s\u00e9ances&nbsp;: 30 min<\/p>\n\n\n\n<p>Les combinaisons sont fournies sur place.<\/p>\n<\/div>\n<\/div>\n\n\n\n<p>Lieu : <strong>ScubaWind<\/strong><br>ZAC de Fond Ratel<br>20 rue de l&rsquo;Europe<br>38640 CLAIX<\/p>\n\n\n\n<p class=\"has-text-align-left\"><span style=\"color: #0000ff;\"> <\/span><a href=\"https:\/\/www.scubawind.com\/content\/12-bassin-de-plongee\" target=\"_blank\" rel=\"noreferrer noopener\">www.scubawind.com<\/a><\/p>\n\n\n\n<hr class=\"wp-block-separator has-alpha-channel-opacity is-style-wide\"\/>\n\n\n\n<div class=\"wp-block-columns is-layout-flex wp-container-core-columns-is-layout-28f84493 wp-block-columns-is-layout-flex\">\n<div class=\"wp-block-column is-layout-flow wp-block-column-is-layout-flow\">\n<figure class=\"wp-block-image alignleft size-full is-resized\"><img loading=\"lazy\" decoding=\"async\" width=\"800\" height=\"458\" src=\"https:\/\/palmybulles.fr\/wp-content\/uploads\/2023\/10\/Fosse-Meyzieu.jpg\" alt=\"\" class=\"wp-image-1586\" style=\"aspect-ratio:1.7467248908296944;width:482px;height:auto\" srcset=\"https:\/\/palmybulles.fr\/wp-content\/uploads\/2023\/10\/Fosse-Meyzieu.jpg 800w, https:\/\/palmybulles.fr\/wp-content\/uploads\/2023\/10\/Fosse-Meyzieu-300x172.jpg 300w, https:\/\/palmybulles.fr\/wp-content\/uploads\/2023\/10\/Fosse-Meyzieu-768x440.jpg 768w\" sizes=\"auto, (max-width: 800px) 100vw, 800px\" \/><\/figure>\n<\/div>\n\n\n\n<div class=\"wp-block-column is-layout-flow wp-block-column-is-layout-flow\">\n<h2 class=\"wp-block-heading has-x-large-font-size\">Sortie fosse \u00e0 Meyzieu<\/h2>\n\n\n\n<p>Plong\u00e9es techniques dans une fosse de 20 m avec un premi\u00e8re bassin \u00e0 6 m, pour les formations N1 et N2.<br>Dur\u00e9e des s\u00e9ances : 1 heure<\/p>\n\n\n\n<p>Les blocs 10L, stabs et d\u00e9tendeurs sont fournis sur place.<\/p>\n\n\n\n<p>Les s\u00e9ances ont lieu g\u00e9n\u00e9ralement le dimanche avec une plong\u00e9e le matin et l&rsquo;autre l&rsquo;apr\u00e8s-midi.<br><\/p>\n<\/div>\n<\/div>\n\n\n\n<p>Lieu : <strong><strong>Centre Aquatique Les Vagues<\/strong><\/strong><br>10D rue Jean&nbsp;<span data-scayt_word=\"Jaur\u00e8s\" data-scaytid=\"1\" style=\"font-style: inherit; font-weight: inherit;\">Jaur\u00e8s<\/span><br>69330&nbsp;<span data-scayt_word=\"MEYZIEU\" data-scaytid=\"2\" style=\"font-style: inherit; font-weight: inherit;\">MEYZIEU<\/span><\/p>\n\n\n\n<p><a href=\"https:\/\/lesvagues.meyzieu.fr\/fosse-de-plongee\/\" target=\"_blank\" rel=\"noreferrer noopener\">lesvagues.meyzieu.fr\/fosse-de-plongee\/<\/a><\/p>\n\n\n\n<hr class=\"wp-block-separator has-alpha-channel-opacity is-style-wide\"\/>\n\n\n\n<div class=\"wp-block-columns is-layout-flex wp-container-core-columns-is-layout-28f84493 wp-block-columns-is-layout-flex\">\n<div class=\"wp-block-column is-layout-flow wp-block-column-is-layout-flow\">\n<figure class=\"wp-block-image size-full\"><img loading=\"lazy\" decoding=\"async\" width=\"600\" height=\"450\" src=\"https:\/\/palmybulles.fr\/wp-content\/uploads\/2023\/12\/Fosse-Nemo33.jpg\" alt=\"\" class=\"wp-image-2090\" srcset=\"https:\/\/palmybulles.fr\/wp-content\/uploads\/2023\/12\/Fosse-Nemo33.jpg 600w, https:\/\/palmybulles.fr\/wp-content\/uploads\/2023\/12\/Fosse-Nemo33-300x225.jpg 300w\" sizes=\"auto, (max-width: 600px) 100vw, 600px\" \/><\/figure>\n<\/div>\n\n\n\n<div class=\"wp-block-column is-layout-flow wp-block-column-is-layout-flow\">\n<h2 class=\"wp-block-heading has-x-large-font-size\">Sortie fosse \u00e0 Nemo33 Gen\u00e8ve<\/h2>\n\n\n\n<p>Plong\u00e9es techniques pour les formations N1 et N2 dans une fosse de 20 m avec platefomes \u00e0 5 m et 1,40 m. Le plus : un espace d\u00e9di\u00e9 \u00e0 la plong\u00e9e avec une eau temp\u00e9r\u00e9e \u00e0 33\u00b0C.<br>Dur\u00e9e des s\u00e9ances : 1 heure<\/p>\n\n\n\n<p>Les blocs 10L et 12L sont mis \u00e0 disposition.<\/p>\n\n\n\n<p>Les s\u00e9ances ont lieu g\u00e9n\u00e9ralement le dimanche avec une premi\u00e8re plong\u00e9e vers midi et une seconde dans l&rsquo;apr\u00e8s-midi.<\/p>\n<\/div>\n<\/div>\n\n\n\n<p>Lieu : <strong><strong>Nemo33<\/strong><\/strong> <strong>Gen\u00e8ve<\/strong><br>Parc de la Crois\u00e9e<br>1 rue du Vuache<br>74270 CH\u00caNE-EN-SEMINE<\/p>\n\n\n\n<p><a href=\"https:\/\/nemo33.fr\/\" data-type=\"link\" data-id=\"https:\/\/nemo33.fr\/\" target=\"_blank\" rel=\"noreferrer noopener\">nemo33.fr<\/a><\/p>\n","protected":false},"excerpt":{"rendered":"<p>Chaque ann\u00e9e Palmybulles organise des plong\u00e9es techniques en fosse. C&rsquo;est l&rsquo;opportunit\u00e9 de descendre \u00e0 de plus grandes profondeurs, dans un milieu ferm\u00e9 et s\u00e9curisant, pour travailler en particulier les techniques de compensation de la pression, la stabilisation avec le gilet ou l&rsquo;apprentissage des remont\u00e9es assist\u00e9es. Sortie fosse \u00e0 Claix Pong\u00e9e technique dans une fosse de&nbsp;6 [&hellip;]<\/p>\n","protected":false},"author":1,"featured_media":0,"parent":0,"menu_order":0,"comment_status":"closed","ping_status":"closed","template":"","meta":{"footnotes":""},"class_list":["post-72","page","type-page","status-publish","hentry"],"_links":{"self":[{"href":"https:\/\/palmybulles.fr\/index.php\/wp-json\/wp\/v2\/pages\/72","targetHints":{"allow":["GET"]}}],"collection":[{"href":"https:\/\/palmybulles.fr\/index.php\/wp-json\/wp\/v2\/pages"}],"about":[{"href":"https:\/\/palmybulles.fr\/index.php\/wp-json\/wp\/v2\/types\/page"}],"author":[{"embeddable":true,"href":"https:\/\/palmybulles.fr\/index.php\/wp-json\/wp\/v2\/users\/1"}],"replies":[{"embeddable":true,"href":"https:\/\/palmybulles.fr\/index.php\/wp-json\/wp\/v2\/comments?post=72"}],"version-history":[{"count":32,"href":"https:\/\/palmybulles.fr\/index.php\/wp-json\/wp\/v2\/pages\/72\/revisions"}],"predecessor-version":[{"id":2857,"href":"https:\/\/palmybulles.fr\/index.php\/wp-json\/wp\/v2\/pages\/72\/revisions\/2857"}],"wp:attachment":[{"href":"https:\/\/palmybulles.fr\/index.php\/wp-json\/wp\/v2\/media?parent=72"}],"curies":[{"name":"wp","href":"https:\/\/api.w.org\/{rel}","templated":true}]}}