{"id":1782,"date":"2023-10-31T00:03:21","date_gmt":"2023-10-30T22:03:21","guid":{"rendered":"https:\/\/palmybulles.fr\/?page_id=1782"},"modified":"2025-10-31T23:49:24","modified_gmt":"2025-10-31T21:49:24","slug":"plongeur-niveau-1","status":"publish","type":"page","link":"https:\/\/palmybulles.fr\/index.php\/plongeur-niveau-1\/","title":{"rendered":"Plongeur Niveau 1"},"content":{"rendered":"\n<div class=\"wp-block-columns is-layout-flex wp-container-core-columns-is-layout-28f84493 wp-block-columns-is-layout-flex\">\n<div class=\"wp-block-column is-layout-flow wp-block-column-is-layout-flow\">\n<figure class=\"wp-block-image size-full\"><img loading=\"lazy\" decoding=\"async\" width=\"600\" height=\"424\" src=\"https:\/\/palmybulles.fr\/wp-content\/uploads\/2023\/11\/NIVEAU-1.jpeg\" alt=\"\" class=\"wp-image-1874\" srcset=\"https:\/\/palmybulles.fr\/wp-content\/uploads\/2023\/11\/NIVEAU-1.jpeg 600w, https:\/\/palmybulles.fr\/wp-content\/uploads\/2023\/11\/NIVEAU-1-300x212.jpeg 300w\" sizes=\"auto, (max-width: 600px) 100vw, 600px\" \/><\/figure>\n<\/div>\n\n\n\n<div class=\"wp-block-column is-layout-flow wp-block-column-is-layout-flow\">\n<p><br>Le cursus \u00ab Ados \u00bb Niveau 1 est accessible aux jeunes <strong>\u00e0 partir de 12 ans<\/strong>. Il n&rsquo;est pas n\u00e9cessaire d&rsquo;avoir obtenu les brevets Plongeur de Bronze, Argent ou Or pour rentrer dans cette formation.<\/p>\n\n\n\n<p>Les comp\u00e9tences attendues sont identiques \u00e0 celles du cursus adulte Niveau 1 avec quelques am\u00e9nagements dans la progression.<\/p>\n<\/div>\n<\/div>\n\n\n\n<p>Le plongeur Niveau 1 est capable de r\u00e9aliser des plong\u00e9es d&rsquo;exploration jusqu&rsquo;\u00e0 20 m de profondeur au sein d&rsquo;une palanqu\u00e9e de 4 plongeurs maxi avec un guide de palanqu\u00e9e qui prend en charge la conduite de la plong\u00e9e. Il doit \u00eatre en mesure de se prendre en charge sur le plan de son \u00e9quipement et de son \u00e9volution en s\u00e9curit\u00e9. Il ne peut plonger qu&rsquo;encadr\u00e9 et, \u00e0 ce titre, n&rsquo;est pas autoris\u00e9 \u00e0 \u00e9voluer en autonomie. Ce niveau est \u00e9galement appel\u00e9 <strong>PE20<\/strong> pour \u00ab<strong>Plongeur Encadr\u00e9 \u00e0 20 m<\/strong>\u00bb.<\/p>\n\n\n\n<p>La formation se base sur des entrainements, des \u00e9valuations pratiques et quelques cours th\u00e9oriques. 4 plong\u00e9es minimum en milieu naturel sont indispensables pour valider le Niveau 1.<\/p>\n\n\n\n<p>Apr\u00e8s plusieurs plong\u00e9es et l&rsquo;acquisition d&rsquo;un peu d&rsquo;exp\u00e9rience, les jeunes plongeurs peuvent s&rsquo;orienter vers la pr\u00e9paration <a href=\"https:\/\/palmybulles.fr\/index.php\/plongeur-niveau-2\/\" data-type=\"link\" data-id=\"https:\/\/palmybulles.fr\/index.php\/plongeur-niveau-2\/\">Niveau 2<\/a>.<\/p>\n\n\n\n<p><\/p>\n","protected":false},"excerpt":{"rendered":"<p>Le cursus \u00ab Ados \u00bb Niveau 1 est accessible aux jeunes \u00e0 partir de 12 ans. Il n&rsquo;est pas n\u00e9cessaire d&rsquo;avoir obtenu les brevets Plongeur de Bronze, Argent ou Or pour rentrer dans cette formation. Les comp\u00e9tences attendues sont identiques \u00e0 celles du cursus adulte Niveau 1 avec quelques am\u00e9nagements dans la progression. Le plongeur [&hellip;]<\/p>\n","protected":false},"author":1,"featured_media":0,"parent":0,"menu_order":0,"comment_status":"closed","ping_status":"closed","template":"","meta":{"footnotes":""},"class_list":["post-1782","page","type-page","status-publish","hentry"],"_links":{"self":[{"href":"https:\/\/palmybulles.fr\/index.php\/wp-json\/wp\/v2\/pages\/1782","targetHints":{"allow":["GET"]}}],"collection":[{"href":"https:\/\/palmybulles.fr\/index.php\/wp-json\/wp\/v2\/pages"}],"about":[{"href":"https:\/\/palmybulles.fr\/index.php\/wp-json\/wp\/v2\/types\/page"}],"author":[{"embeddable":true,"href":"https:\/\/palmybulles.fr\/index.php\/wp-json\/wp\/v2\/users\/1"}],"replies":[{"embeddable":true,"href":"https:\/\/palmybulles.fr\/index.php\/wp-json\/wp\/v2\/comments?post=1782"}],"version-history":[{"count":22,"href":"https:\/\/palmybulles.fr\/index.php\/wp-json\/wp\/v2\/pages\/1782\/revisions"}],"predecessor-version":[{"id":2707,"href":"https:\/\/palmybulles.fr\/index.php\/wp-json\/wp\/v2\/pages\/1782\/revisions\/2707"}],"wp:attachment":[{"href":"https:\/\/palmybulles.fr\/index.php\/wp-json\/wp\/v2\/media?parent=1782"}],"curies":[{"name":"wp","href":"https:\/\/api.w.org\/{rel}","templated":true}]}}