{"id":1762,"date":"2023-10-30T22:42:19","date_gmt":"2023-10-30T20:42:19","guid":{"rendered":"https:\/\/palmybulles.fr\/?page_id=1762"},"modified":"2026-04-12T22:02:12","modified_gmt":"2026-04-12T20:02:12","slug":"bapteme","status":"publish","type":"page","link":"https:\/\/palmybulles.fr\/index.php\/bapteme\/","title":{"rendered":"Bapt\u00eame"},"content":{"rendered":"\n<div class=\"wp-block-columns is-layout-flex wp-container-core-columns-is-layout-28f84493 wp-block-columns-is-layout-flex\">\n<div class=\"wp-block-column is-layout-flow wp-block-column-is-layout-flow\" style=\"flex-basis:33.33%\">\n<figure class=\"wp-block-image size-full is-resized\"><img loading=\"lazy\" decoding=\"async\" width=\"458\" height=\"323\" src=\"https:\/\/palmybulles.fr\/wp-content\/uploads\/2023\/10\/Diplome-bapteme-plongee-FFESSM.jpg\" alt=\"\" class=\"wp-image-1771\" style=\"aspect-ratio:1.4179566563467492;width:337px;height:auto\" srcset=\"https:\/\/palmybulles.fr\/wp-content\/uploads\/2023\/10\/Diplome-bapteme-plongee-FFESSM.jpg 458w, https:\/\/palmybulles.fr\/wp-content\/uploads\/2023\/10\/Diplome-bapteme-plongee-FFESSM-300x212.jpg 300w\" sizes=\"auto, (max-width: 458px) 100vw, 458px\" \/><\/figure>\n<\/div>\n\n\n\n<div class=\"wp-block-column is-layout-flow wp-block-column-is-layout-flow\" style=\"flex-basis:66.66%\">\n<p>Le bapt\u00eame est la premi\u00e8re exp\u00e9rience de tout plongeur, avant tout engagement dans une formation plong\u00e9e. Il peut \u00eatre pratiqu\u00e9, une ou plusieurs fois, en piscine ou en milieu naturel.<\/p>\n\n\n\n<p>Un bapt\u00eame de plong\u00e9e consiste \u00e0 s&rsquo;immerger progressivement, accompagn\u00e9 d&rsquo;un encadrant, en \u00e9tant \u00e9quip\u00e9 de palmes, d&rsquo;un masque, d&rsquo;un gilet stabilisateur et d&rsquo;un d\u00e9tendeur reli\u00e9 \u00e0 une bouteille pour respirer sous l&rsquo;eau. Cette exp\u00e9rience d&rsquo;une dur\u00e9e de 15 \u00e0 20 min se d\u00e9roule en toute s\u00e9curit\u00e9, \u00e0 une faible profondeur (2 \u00e0 6 m maxi suivant l&rsquo;\u00e2ge du plongeur), avec un seul baptis\u00e9 par encadrant.<\/p>\n<\/div>\n<\/div>\n\n\n\n<p>L&rsquo;unique condition est d&rsquo;\u00eatre en bonne sant\u00e9 et ag\u00e9 de 8 ans minimum. Le mat\u00e9riel est fourni par le club. Seul le maillot et le bonnet de bain sont \u00e0 apporter.<\/p>\n\n\n\n<p>Le bapt\u00eame permet d&rsquo;appr\u00e9hender la sensation d&rsquo;\u00e9voluer en apesanteur sous l&rsquo;eau, sans avoir besoin de rejoindre la surface pour respirer. Il n&rsquo;est pas n\u00e9cessaire de maitriser l&rsquo;utilisation du mat\u00e9riel de plong\u00e9e qui est g\u00e9r\u00e9 par l&rsquo;encadrant. Cette premi\u00e8re initiation est souvent le d\u00e9but d&rsquo;une passion en donnant envie de poursuivre l&rsquo;exp\u00e9rience, envie de se former \u00e0 la plong\u00e9e et de partir explorer un monde nouveau, celui des fonds sous-marins.<\/p>\n\n\n\n<p>Palmybulles propose gratuitement chaque ann\u00e9e des bapt\u00eames entre mi-juin et mi-juillet \u00e0 la piscine ext\u00e9rieure d&rsquo;Eybens qui dispose d&rsquo;un grand bassin de 50 m avec une profondeur jusqu&rsquo;\u00e0 4,25 m.<\/p>\n\n\n\n<p><\/p>\n","protected":false},"excerpt":{"rendered":"<p>Le bapt\u00eame est la premi\u00e8re exp\u00e9rience de tout plongeur, avant tout engagement dans une formation plong\u00e9e. Il peut \u00eatre pratiqu\u00e9, une ou plusieurs fois, en piscine ou en milieu naturel. Un bapt\u00eame de plong\u00e9e consiste \u00e0 s&rsquo;immerger progressivement, accompagn\u00e9 d&rsquo;un encadrant, en \u00e9tant \u00e9quip\u00e9 de palmes, d&rsquo;un masque, d&rsquo;un gilet stabilisateur et d&rsquo;un d\u00e9tendeur reli\u00e9 [&hellip;]<\/p>\n","protected":false},"author":1,"featured_media":0,"parent":0,"menu_order":0,"comment_status":"closed","ping_status":"closed","template":"","meta":{"footnotes":""},"class_list":["post-1762","page","type-page","status-publish","hentry"],"_links":{"self":[{"href":"https:\/\/palmybulles.fr\/index.php\/wp-json\/wp\/v2\/pages\/1762","targetHints":{"allow":["GET"]}}],"collection":[{"href":"https:\/\/palmybulles.fr\/index.php\/wp-json\/wp\/v2\/pages"}],"about":[{"href":"https:\/\/palmybulles.fr\/index.php\/wp-json\/wp\/v2\/types\/page"}],"author":[{"embeddable":true,"href":"https:\/\/palmybulles.fr\/index.php\/wp-json\/wp\/v2\/users\/1"}],"replies":[{"embeddable":true,"href":"https:\/\/palmybulles.fr\/index.php\/wp-json\/wp\/v2\/comments?post=1762"}],"version-history":[{"count":24,"href":"https:\/\/palmybulles.fr\/index.php\/wp-json\/wp\/v2\/pages\/1762\/revisions"}],"predecessor-version":[{"id":2849,"href":"https:\/\/palmybulles.fr\/index.php\/wp-json\/wp\/v2\/pages\/1762\/revisions\/2849"}],"wp:attachment":[{"href":"https:\/\/palmybulles.fr\/index.php\/wp-json\/wp\/v2\/media?parent=1762"}],"curies":[{"name":"wp","href":"https:\/\/api.w.org\/{rel}","templated":true}]}}