{"id":147,"date":"2016-01-10T07:52:05","date_gmt":"2016-01-10T07:52:05","guid":{"rendered":"http:\/\/palmybulles.fr\/?page_id=147"},"modified":"2026-04-12T22:35:11","modified_gmt":"2026-04-12T20:35:11","slug":"les-sorties","status":"publish","type":"page","link":"https:\/\/palmybulles.fr\/index.php\/les-sorties\/","title":{"rendered":"Les sorties milieu naturel"},"content":{"rendered":"\n<p>La formation en piscine et fosse, c&rsquo;est indispensable pour acqu\u00e9rir les comp\u00e9tences n\u00e9cessaires pour plonger. Les sorties en milieu naturel viennent ensuite enrichir l&rsquo;exp\u00e9rience en ouvrant une nouvelle dimension \u00e0 la plong\u00e9e : la d\u00e9couverte de l&rsquo;exploration subaquatique.<\/p>\n\n\n\n<hr class=\"wp-block-separator has-alpha-channel-opacity is-style-default\"\/>\n\n\n\n<div class=\"wp-block-columns is-layout-flex wp-container-core-columns-is-layout-28f84493 wp-block-columns-is-layout-flex\">\n<div class=\"wp-block-column is-layout-flow wp-block-column-is-layout-flow\" style=\"flex-basis:33.33%\">\n<figure class=\"wp-block-image size-full is-resized\"><img loading=\"lazy\" decoding=\"async\" width=\"284\" height=\"300\" src=\"https:\/\/palmybulles.fr\/wp-content\/uploads\/2016\/01\/chamagnieu-284x300.jpg\" alt=\"\" class=\"wp-image-41\" style=\"aspect-ratio:0.9466666666666667;width:322px;height:auto\"\/><\/figure>\n<\/div>\n\n\n\n<div class=\"wp-block-column is-layout-flow wp-block-column-is-layout-flow\" style=\"flex-basis:66.66%\">\n<div style=\"height:119px\" aria-hidden=\"true\" class=\"wp-block-spacer\"><\/div>\n\n\n\n<h2 class=\"wp-block-heading has-text-align-left has-x-large-font-size\">Sortie &lsquo;Lac&rsquo; \u00e0 Chamagnieu<\/h2>\n<\/div>\n<\/div>\n\n\n\n<p>C&rsquo;est une sortie familiale avec plong\u00e9e suivie d&rsquo;un barbecue.<br>Le centre de plong\u00e9e de Chamagnieu est situ\u00e9 dans le Nord Is\u00e8re.<br>Le site se compose d&rsquo;un plan d\u2019eau, am\u00e9nag\u00e9 dans une ancienne carri\u00e8re de 2,5 hectares, d&rsquo;une profondeur de 18 m\u00e8tres maxi et r\u00e9serv\u00e9 \u00e0 la plong\u00e9e. Des vestiaires et des douches chaudes sont \u00e0 disposition.<br>Les perches, gardons, carpes sont au rendez-vous.<br>Entre mai et octobre, la temp\u00e9rature de l\u2019eau varie entre 18\u00b0C et 24\u00b0C avec une bonne visibilit\u00e9. Ce site nous donne la possibilit\u00e9 de faire des bapt\u00eames, des remises \u00e0 niveau, des stages de formation niveau 1 et 2 ou tout simplement, venir faire des plong\u00e9es plaisir.<\/p>\n\n\n\n<p><a href=\"\/\/www.chamagnieuplongee.com\" target=\"_blank\" rel=\"noreferrer noopener\">www.chamagnieuplongee.com<\/a><\/p>\n\n\n\n<hr class=\"wp-block-separator has-alpha-channel-opacity is-style-wide\"\/>\n\n\n\n<div class=\"wp-block-columns is-layout-flex wp-container-core-columns-is-layout-28f84493 wp-block-columns-is-layout-flex\">\n<div class=\"wp-block-column is-layout-flow wp-block-column-is-layout-flow\" style=\"flex-basis:33.33%\">\n<figure class=\"wp-block-image size-full is-resized\"><img loading=\"lazy\" decoding=\"async\" width=\"300\" height=\"228\" src=\"https:\/\/palmybulles.fr\/wp-content\/uploads\/2016\/01\/La_Londe-300x228.png\" alt=\"\" class=\"wp-image-38\" style=\"aspect-ratio:1.3157894736842106;width:326px;height:auto\"\/><\/figure>\n<\/div>\n\n\n\n<div class=\"wp-block-column is-layout-flow wp-block-column-is-layout-flow\" style=\"flex-basis:66.66%\">\n<div style=\"height:81px\" aria-hidden=\"true\" class=\"wp-block-spacer\"><\/div>\n\n\n\n<h2 class=\"wp-block-heading has-x-large-font-size\">Sortie &lsquo;Mer&rsquo; avec le CODEP<\/h2>\n<\/div>\n<\/div>\n\n\n\n<p>Deux fois par an, g\u00e9n\u00e9ralement en juin et en octobre, nous participons \u00e0 une sortie plong\u00e9e en mer sur un week-end organis\u00e9e par la section \u00ab\u00a0Jeunes\u00a0\u00bb du CODEP38 (COmit\u00e9 DEPartemental de l\u2019Is\u00e8re). Au programme, 2 \u00e0 4 plong\u00e9es selon l\u2019\u00e2ge de chacun, pour tous les niveaux d\u00e8s la pr\u00e9paration au Plongeur de Bronze. Cette sortie est aussi l&rsquo;occasion de rencontrer des enfants d&rsquo;autres clubs de l&rsquo;Is\u00e8re.<br>Ce week-end se passe dans une ambiance familiale et de d\u00e9tente o\u00f9 les parents sont \u00e9galement invit\u00e9s pour accompagner les jeunes.<br>Les plong\u00e9es ont souvent lieu vers Saint Rapha\u00ebl ou dans le Parc National de Port-Cros. Elles font partie des plus belles plong\u00e9es du Var.<br>Les apogons, castagnoles, poulpes&nbsp;. . . . &nbsp;et m\u00e9rous sont au rendez-vous.<\/p>\n\n\n\n<p><a href=\"https:\/\/ffessm-isere.fr\/w\/pole-jeunes\" target=\"_blank\" rel=\"noreferrer noopener\">ffessm-isere.fr\/w\/pole-jeunes<\/a><\/p>\n\n\n\n<hr class=\"wp-block-separator has-alpha-channel-opacity is-style-wide\"\/>\n\n\n\n<div class=\"wp-block-columns is-layout-flex wp-container-core-columns-is-layout-28f84493 wp-block-columns-is-layout-flex\">\n<div class=\"wp-block-column is-layout-flow wp-block-column-is-layout-flow\" style=\"flex-basis:33.33%\">\n<figure class=\"wp-block-image size-full\"><img loading=\"lazy\" decoding=\"async\" width=\"1000\" height=\"1333\" src=\"https:\/\/palmybulles.fr\/wp-content\/uploads\/2024\/07\/Sortie-plongee-2024-05_10-rotated.jpg\" alt=\"\" class=\"wp-image-2241\" style=\"aspect-ratio:1;object-fit:contain\" srcset=\"https:\/\/palmybulles.fr\/wp-content\/uploads\/2024\/07\/Sortie-plongee-2024-05_10-rotated.jpg 1000w, https:\/\/palmybulles.fr\/wp-content\/uploads\/2024\/07\/Sortie-plongee-2024-05_10-225x300.jpg 225w, https:\/\/palmybulles.fr\/wp-content\/uploads\/2024\/07\/Sortie-plongee-2024-05_10-768x1024.jpg 768w\" sizes=\"auto, (max-width: 1000px) 100vw, 1000px\" \/><\/figure>\n<\/div>\n\n\n\n<div class=\"wp-block-column is-layout-flow wp-block-column-is-layout-flow\" style=\"flex-basis:66.66%\">\n<div style=\"height:81px\" aria-hidden=\"true\" class=\"wp-block-spacer\"><\/div>\n\n\n\n<h2 class=\"wp-block-heading has-x-large-font-size\">Sortie &lsquo;Mer&rsquo; Palmybulles<\/h2>\n<\/div>\n<\/div>\n\n\n\n<p>Palmybulles organise chaque ann\u00e9e des sorties plong\u00e9e, entre mai et octobre, sur des sites remarquables de la m\u00e9diterran\u00e9e. Ces week-ends multig\u00e9n\u00e9ration permettent aux adolescents, encadrants et adultes impliqu\u00e9s dans le club de se retrouver, soit pour des entrainements techniques n\u00e9cessaires au passage des Niveaux 1 et 2, soit simplement pour le plaisir de l&rsquo;exploration des fonds marins.<\/p>\n\n\n\n<p>Nous organisons aussi des sorties \u00e0 th\u00e8mes : exploration d&rsquo;\u00e9paves, plong\u00e9es cr\u00e9pusculaires ou de nuit, passage de la qualification Nitrox &#8230; <\/p>\n\n\n\n<p>Ces sorties, qui rassemblent de nombreux plongeurs, sont toujours un moment de grande convivialit\u00e9 et de partage autour de notre passion de la plong\u00e9e.<\/p>\n\n\n\n<p><\/p>\n","protected":false},"excerpt":{"rendered":"<p>La formation en piscine et fosse, c&rsquo;est indispensable pour acqu\u00e9rir les comp\u00e9tences n\u00e9cessaires pour plonger. Les sorties en milieu naturel viennent ensuite enrichir l&rsquo;exp\u00e9rience en ouvrant une nouvelle dimension \u00e0 la plong\u00e9e : la d\u00e9couverte de l&rsquo;exploration subaquatique. Sortie &lsquo;Lac&rsquo; \u00e0 Chamagnieu C&rsquo;est une sortie familiale avec plong\u00e9e suivie d&rsquo;un barbecue.Le centre de plong\u00e9e de [&hellip;]<\/p>\n","protected":false},"author":1,"featured_media":0,"parent":0,"menu_order":0,"comment_status":"closed","ping_status":"closed","template":"","meta":{"footnotes":""},"class_list":["post-147","page","type-page","status-publish","hentry"],"_links":{"self":[{"href":"https:\/\/palmybulles.fr\/index.php\/wp-json\/wp\/v2\/pages\/147","targetHints":{"allow":["GET"]}}],"collection":[{"href":"https:\/\/palmybulles.fr\/index.php\/wp-json\/wp\/v2\/pages"}],"about":[{"href":"https:\/\/palmybulles.fr\/index.php\/wp-json\/wp\/v2\/types\/page"}],"author":[{"embeddable":true,"href":"https:\/\/palmybulles.fr\/index.php\/wp-json\/wp\/v2\/users\/1"}],"replies":[{"embeddable":true,"href":"https:\/\/palmybulles.fr\/index.php\/wp-json\/wp\/v2\/comments?post=147"}],"version-history":[{"count":30,"href":"https:\/\/palmybulles.fr\/index.php\/wp-json\/wp\/v2\/pages\/147\/revisions"}],"predecessor-version":[{"id":2862,"href":"https:\/\/palmybulles.fr\/index.php\/wp-json\/wp\/v2\/pages\/147\/revisions\/2862"}],"wp:attachment":[{"href":"https:\/\/palmybulles.fr\/index.php\/wp-json\/wp\/v2\/media?parent=147"}],"curies":[{"name":"wp","href":"https:\/\/api.w.org\/{rel}","templated":true}]}}